et i(p) = -1026*p - 2056. What is i(-2)?
-4
Let a(k) = -k**2 + 8*k - 29. What is a(-12)?
-269
Let m(g) = -3*g**2 + 18*g - 41. Calculate m(8).
-89
Let o(q) = 11*q**2 - 224*q + 62. What is o(20)?
-18
Let y(v) = 54*v**3 - 4*v**2 - 11*v - 3. What is y(-2)?
-429
Let z(a) = -a**2 - 206*a + 2168. Determine z(10).
8
Let u(k) = -567*k + 174. Determine u(0).
174
Let q(t) = t**3 + 25*t**2 + 61*t - 86. Give q(-22).
24
Let i(j) = j**2 + 59*j - 131. Give i(-61).
-9
Let y(b) = b**3 + 9*b**2 + 24*b + 123. What is y(-8)?
-5
Let n(i) = -230*i - 11953. What is n(-52)?
7
Let f(q) = 239*q - 3451. Calculate f(14).
-105
Let s(r) = 10*r**3 - r**2 - 7*r + 8. Give s(3).
248
Let s(n) = 323*n + 6142. What is s(-19)?
5
Let s(u) = 2573*u - 113207. Calculate s(44).
5
Let q(i) = -41*i + 607. Determine q(16).
-49
Let s(m) = m**3 + 2*m**2 - 226*m + 25. What is s(14)?
-3
Let i(a) = -23*a - 420. Give i(-19).
17
Let f(v) = -v**2 + 30*v + 188. What is f(35)?
13
Let j(n) = n**3 + 135*n**2 + 392*n - 314. Determine j(-132).
214
Let p(z) = 705*z**2 + 4226*z - 19. Determine p(-6).
5
Let t(u) = u**3 - 34*u**2 + 109*u + 332. What is t(30)?
2
Let z(c) = -3*c**2 - c + 35. Give z(-11).
-317
Let q(s) = -6*s + 415. Calculate q(44).
151
Let r(a) = 128*a - 15. Determine r(-1).
-143
Let k(o) = -o**2 - 9*o + 1. Determine k(7).
-111
Let n(d) = 164*d - 1482. Give n(9).
-6
Let c(o) = -o**3 - 3*o**2 - 34*o + 217. Give c(6).
-311
Let k(t) = t**3 - 27*t**2 - 13*t + 358. Determine k(27).
7
Let w(i) = i**2 - 3*i - 224. Give w(-13).
-16
Let r(x) = 3*x**2 - 71*x - 879. Give r(-9).
3
Let c(z) = z**2 - 29*z - 160. Determine c(35).
50
Let v(t) = -t**2 + 12*t + 53. What is v(19)?
-80
Let f(q) = -10*q**2 - 725*q + 362. Determine f(-73).
-3
Let p(f) = f**3 + 2*f**2 - 18. Determine p(0).
-18
Let m(d) = -290*d + 870. Calculate m(5).
-580
Let r(m) = -3*m - 65. Calculate r(-22).
1
Let f(h) = 55*h + 2. Determine f(-5).
-273
Let d(r) = -885*r + 9729. Calculate d(11).
-6
Let h(r) = -11*r - 921. What is h(-64)?
-217
Let o(p) = 2*p**3 - 5*p**2 - 74*p - 24. Determine o(-6).
-192
Let g(f) = -5*f**2 - 142*f - 183. Give g(-27).
6
Let l(y) = -y**3 + 95*y**2 + 2574*y + 75. What is l(117)?
75
Let s(f) = -1994*f + 49842. Calculate s(25).
-8
Let n(j) = 1437*j - 3050. Calculate n(2).
-176
Let r(y) = -y**2 - 41*y - 475. Determine r(-18).
-61
Let h(a) = 13*a - 483. Calculate h(32).
-67
Let a(x) = -x**3 - 20*x**2 + 388*x + 513. Calculate a(13).
-20
Let v(u) = -121*u + 2301. What is v(19)?
2
Let a(u) = -u**2 - 11*u - 26. Calculate a(7).
-152
Let b(c) = 77*c - 437. Calculate b(4).
-129
Let a(w) = -4*w**3 - 21*w**2 + 27*w + 84. Calculate a(-6).
30
Let i(u) = -16*u**2 - 322*u - 25. Calculate i(-20).
15
Let g(v) = v**3 + 13*v**2 - 25*v + 80. What is g(-15)?
5
Let v(g) = 6*g**2 - 27*g - 28. What is v(-1)?
5
Let p(d) = -5*d**2 - 281*d + 218. Give p(-57).
-10
Let u(k) = 125*k - 492. What is u(4)?
8
Let u(a) = 699*a - 16755. Give u(24).
21
Let l(n) = -5*n + 291. Calculate l(25).
166
Let n(o) = -o**2 - 74*o + 33229. Calculate n(149).
2
Let s(b) = -13*b**2 - 27*b + 51. What is s(2)?
-55
Let t(q) = -18*q**2 + 1404*q - 5. Give t(78).
-5
Let r(m) = m**3 + 4*m**2 + 58*m + 159. Give r(-3).
-6
Let o(h) = h**3 - 11*h**2 - 32*h - 7. Determine o(13).
-85
Let w(a) = -50*a + 2345. Give w(47).
-5
Let z(y) = -116*y + 192. Give z(2).
-40
Let y(a) = -2*a**3 - 152*a**2 + 154*a - 3. Give y(-77).
-3
Let p(k) = -k**2 - 49*k + 11. Calculate p(-49).
11
Let m(h) = 37*h + 332. Determine m(-9).
-1
Let k(w) = w + 17. Determine k(49).
66
Let k(x) = x**2 - 85*x + 654. Give k(7).
108
Let z(a) = -226*a + 644. What is z(3)?
-34
Let w(u) = -130*u - 1035. Calculate w(-8).
5
Let c(y) = y**2 - 31*y - 1. What is c(0)?
-1
Let j(o) = -o**2 - 11*o + 69. Give j(6).
-33
Let u(s) = -s**2 - 959*s + 14618. Determine u(15).
8
Let z(y) = -6*y**2 - 78*y - 201. Give z(-10).
-21
Let j(w) = -24*w**2 + 13*w - 11. Determine j(3).
-188
Let x(b) = 397*b - 5563. What is x(14)?
-5
Let f(g) = -6*g**3 + 2*g**2 - 8*g + 1. Give f(2).
-55
Let c(l) = -59*l**2 - 2*l - 6. Calculate c(-1).
-63
Let i(p) = -5*p**2 + 28*p - 7. What is i(6)?
-19
Let m(f) = 18*f - 1267. Give m(63).
-133
Let i(b) = b**2 + 82*b - 1331. Give i(-96).
13
Let t(q) = -1927*q - 44324. Calculate t(-23).
-3
Let x(d) = -21*d - 80. Determine x(-32).
592
Let k(l) = -11*l**2 - 64*l - 66. What is k(-3)?
27
Let w(p) = 2*p**2 + 164*p - 876. Calculate w(-87).
-6
Let h(y) = 101*y**2 - 1922*y + 16. Calculate h(19).
-41
Let d(h) = 2473*h - 96446. Calculate d(39).
1
Let v(y) = y**3 - 13*y**2 - 58*y + 766. Give v(13).
12
Let h(m) = -m**3 - 24*m**2 + 25*m + 26. Determine h(-24).
-574
Let z(f) = -317*f + 12999. Determine z(41).
2
Let c(f) = -2*f**3 - 82*f**2 - 77*f + 112. Give c(-40).
-8
Let u(l) = -16*l + 114. What is u(-11)?
290
Let k(f) = 24*f**2 + 6*f - 439. What is k(4)?
-31
Let r(c) = 60*c**2 + 362*c + 7. What is r(-6)?
-5
Let i(n) = -111*n - 19. Calculate i(3).
-352
Let q(h) = -7*h - 247. Give q(-34).
-9
Let l(d) = -34*d + 1258. Determine l(37).
0
Let a(y) = -82*y + 1907. Determine a(23).
21
Let y(g) = 5*g**3 - 544*g**2 - 110*g + 123. Give y(109).
14
Let g(v) = -4*v**3 - v**2 + 2*v + 7. Give g(-2).
31
Let r(z) = -111*z**2 + 96*z. What is r(1)?
-15
Let z(n) = -4*n**3 - 45*n**2 - 12*n + 17. What is z(-11)?
28
Let x(i) = -2*i**2 + 17*i + 1155. Calculate x(-20).
15
Let x(a) = -a**2 + 29898*a - 149460. Give x(5).
5
Let b(d) = 7*d**2 + 180*d + 441. Give b(-23).
4
Let k(z) = 2*z**2 - z - 79. Determine k(0).
-79
Let b(w) = -1022*w - 3100. Give b(-3).
-34
Let d(n) = -28*n - 302. Determine d(-9).
-50
Let t(n) = 15*n**2 - 1444*n + 377. Calculate t(96).
-7
Let u(d) = 126*d - 22320. Give u(177).
-18
Let v(x) = 62*x + 4371. Calculate v(-72).
-93
Let g(f) = -f**3 - 3*f**2 + 20*f - 37. Determine g(-7).
19
Let l(h) = h**2 + 68*h + 851. Calculate l(-27).
-256
Let f(l) = -l**2 - 9*l - 75. Give f(-8).
-67
Let l(s) = -162*s - 10. Calculate l(0).
-10
Let o(t) = t**3 - 7*t**2 - 17*t + 23. What is o(9)?
32
Let a(m) = 46*m - 966. Calculate a(21).
0
Let p(o) = 1012*o - 8099. Give p(8).
-3
Let c(p) = p**2 + 2*p - 33. Determine c(-6).
-9
Let z(w) = -7719*w - 192978. What is z(-25)?
-3
Let m(u) = -60*u + 84. Calculate m(3).
-96
Let t(i) = 6*i**3 + 19*i**2 - 86*i + 79. Determine t(-6).
-17
Let r(a) = -4*a**2 - 4*a - 13. What is r(-6)?
-133
Let k(a) = 1001*a + 459457. Give k(-459).
-2
Let l(y) = y**3 + 66*y**2 - 130*y - 7. Give l(2).
5
Let y(z) = -z**2 + 14*z + 278. Calculate y(30).
-202
Let v(x) = -x**3 + 35*x**2 - 179*x + 133. Calculate v(29).
-12
Let w(c) = -12*c - 40. Determine w(-2).
-16
Let y(i) = -2*i**3 - 9*i**2 - 7*i + 3. What is y(-3)?
-3
Let d(r) = -59*r + 1626. Determine d(28).
-26
Let f(c) = -14*c**2 - 55*c - 43. What is f(-4)?
-47
Let m(x) = -7*x**3 - 23*x**2 - 98*x - 11. Determine m(-4).
461
Let j(w) = 12*w**2 - 417*w - 106. Calculate j(35).
-1
Let b(u) = u**2 - 100*u - 5649. Give b(-40).
-49
Let g(m) = -m**3 - 21*m**2 - 45*m - 1504. Calculate g(-22).
-30
Let i(c) = 3*c**2 + 91*c - 135. Give i(-32).
25
Let j(m) = -53*m**3 + 3*m - 4. What is j(1)?
-54
Let x(k) = k**3 - 63*k**2 - 31*k - 2107. What is x(64)?
5
Let r(l) = -332*l + 1656. What is r(5)?
-4
Let j(t) = -3*t**2 - 155*t - 129. Calculate j(-51).
-27
Let u(j) = -2857*j - 11419. Give u(-4).
9
Let x(b) = -b - 6. Determine x(-7).
1
Let j(i) = 4*i**2 + 185*i - 793. Determine j(4).
11
Let z(o) = -11*o - 33. Calculate z(-42).
429
Let r(f) = 3*f + 227. Determine r(5).
242
Let f(j) = 2*j**2 + 18*j + 27. Give f(-6).
-9
Let h(s) = 473*s + 23195. Calculate h(-49).
18
Let d(j) = -j**3 - 58*j**2 + 10*j + 241. What is d(-58)?
-339
Let k(p) = 798*p + 15110. Calculate k(-19).
-52
Let n(a) = 207*a - 15316. Calculate n(74).
2
Let v(a) = -4*a**2 - 107*a - 76. Give v(-26).
2
Let l(j) = -j**3 - 33*j**2 + 332*j + 160. Determine l(-41).
-4
Let d(h) = h**3 + 146*h**2 + 436*h + 1006. Determine d(-143).
5
Let i(j) = 2*j**2 + 75*j - 618. Give i(7).
5
Let j(q) = q**3 + 27*q**2 + 53*q + 49. Calculate j(-25).
-26
Let n(m) = -2*m**2 + 71*m - 612. Calculate n(15).
3
Let y(m) = m**2 + 151*m + 1674. Determine y(-137).
-244
Let q(v) = v**3 + 86*v**2 + 1358*v + 46. Give q(-21).
193
Let w(o) = -227*o + 19305. Give w(85).
10
Let n(j) = 19*j + 69. Determine n(-3).
12
Let s(y) = y**3 + 20*y**2 + 75*y + 8. Determine s(-5).
8
Let j(d) = 2*d**2 